 when 34564 is divided by 191?
184
Calculate the remainder when 214 is divided by 102.
10
What is the remainder when 15982 is divided by 9?
7
Calculate the remainder when 16684 is divided by 298.
294
Calculate the remainder when 9466 is divided by 675.
16
Calculate the remainder when 2094 is divided by 155.
79
What is the remainder when 676 is divided by 37?
10
Calculate the remainder when 242 is divided by 121.
0
Calculate the remainder when 1543 is divided by 752.
39
What is the remainder when 5829936 is divided by 139?
137
What is the remainder when 13032 is divided by 543?
0
Calculate the remainder when 330199 is divided by 66038.
9
What is the remainder when 8738 is divided by 254?
102
Calculate the remainder when 14190 is divided by 3482.
262
What is the remainder when 19792 is divided by 6568?
88
Calculate the remainder when 43003 is divided by 1049.
1043
Calculate the remainder when 10598 is divided by 10295.
303
Calculate the remainder when 3028637 is divided by 823.
820
What is the remainder when 12221 is divided by 53?
31
Calculate the remainder when 95450 is divided by 7.
5
What is the remainder when 115596 is divided by 38525?
21
What is the remainder when 455269 is divided by 13?
9
What is the remainder when 1640 is divided by 581?
478
What is the remainder when 13185 is divided by 42?
39
What is the remainder when 1377 is divided by 1354?
23
What is the remainder when 18566 is divided by 4611?
122
Calculate the remainder when 60966 is divided by 41.
40
What is the remainder when 2405 is divided by 134?
127
What is the remainder when 16761 is divided by 55?
41
Calculate the remainder when 1369524 is divided by 414.
12
What is the remainder when 337213 is divided by 44?
41
What is the remainder when 18365 is divided by 103?
31
What is the remainder when 483006 is divided by 69?
6
What is the remainder when 12184 is divided by 4000?
184
What is the remainder when 6064 is divided by 41?
37
What is the remainder when 15175 is divided by 22?
17
Calculate the remainder when 359 is divided by 38.
17
What is the remainder when 17501 is divided by 875?
1
Calculate the remainder when 88041 is divided by 8804.
1
Calculate the remainder when 3523 is divided by 41.
38
Calculate the remainder when 84190 is divided by 6.
4
What is the remainder when 18402 is divided by 19?
10
Calculate the remainder when 110662 is divided by 12.
10
Calculate the remainder when 20901 is divided by 166.
151
What is the remainder when 774 is divided by 735?
39
Calculate the remainder when 4288 is divided by 75.
13
Calculate the remainder when 565 is divided by 34.
21
Calculate the remainder when 130136 is divided by 385.
6
What is the remainder when 10877503 is divided by 123?
121
Calculate the remainder when 35204 is divided by 17588.
28
What is the remainder when 72717 is divided by 202?
199
What is the remainder when 356445 is divided by 282?
279
What is the remainder when 34851 is divided by 17424?
3
Calculate the remainder when 578 is divided by 13.
6
Calculate the remainder when 8234 is divided by 23.
0
What is the remainder when 25377 is divided by 167?
160
What is the remainder when 13351 is divided by 2651?
96
Calculate the remainder when 15321 is divided by 178.
13
What is the remainder when 48239 is divided by 8000?
239
What is the remainder when 1546 is divided by 417?
295
Calculate the remainder when 101767 is divided by 3769.
4
What is the remainder when 1718 is divided by 42?
38
Calculate the remainder when 1603 is divided by 1364.
239
Calculate the remainder when 2844 is divided by 2483.
361
Calculate the remainder when 74766 is divided by 2078.
2036
Calculate the remainder when 723 is divided by 121.
118
What is the remainder when 130150 is divided by 51?
49
Calculate the remainder when 145751 is divided by 406.
403
What is the remainder when 1156 is divided by 747?
409
What is the remainder when 31017 is divided by 55?
52
What is the remainder when 21119 is divided by 321?
254
What is the remainder when 1286 is divided by 670?
616
What is the remainder when 353 is divided by 73?
61
What is the remainder when 21937 is divided by 213?
211
Calculate the remainder when 180765 is divided by 10.
5
What is the remainder when 1089509 is divided by 15?
14
What is the remainder when 38164 is divided by 85?
84
What is the remainder when 77376 is divided by 223?
218
What is the remainder when 21736 is divided by 4345?
11
Calculate the remainder when 797 is divided by 251.
44
What is the remainder when 19325 is divided by 9?
2
What is the remainder when 71386 is divided by 49?
42
What is the remainder when 15683 is divided by 825?
8
What is the remainder when 4832 is divided by 1586?
74
What is the remainder when 1956 is divided by 35?
31
Calculate the remainder when 8665 is divided by 511.
489
What is the remainder when 56193 is divided by 393?
387
Calculate the remainder when 9695 is divided by 38.
5
Calculate the remainder when 344325 is divided by 49189.
2
What is the remainder when 539361 is divided by 1383?
1374
What is the remainder when 57521 is divided by 19157?
50
What is the remainder when 7065 is divided by 100?
65
What is the remainder when 17017 is divided by 3913?
1365
Calculate the remainder when 84441 is divided by 84434.
7
What is the remainder when 50218 is divided by 30?
28
What is the remainder when 1052094 is divided by 1088?
1086
Calculate the remainder when 3984 is divided by 10.
4
Calculate the remainder when 447524 is divided by 195.
194
Calculate the remainder when 25705 is divided by 26.
17
Calculate the remainder when 6278 is divided by 41.
5
Calculate the remainder when 904993 is divided by 59.
51
Calculate the remainder when 96207 is divided by 13742.
13
What is the remainder when 567 is divided by 177?
36
What is the remainder when 1053 is divided by 349?
6
Calculate the remainder when 266011 is divided by 227.
194
What is the remainder when 78197 is divided by 21?
14
Calculate the remainder when 3163 is divided by 571.
308
Calculate the remainder when 474 is divided by 55.
34
What is the remainder when 46364 is divided by 483?
479
Calculate the remainder when 10663 is divided by 600.
463
Calculate the remainder when 29707 is divided by 276.
175
What is the remainder when 8240 is divided by 32?
16
What is the remainder when 2976 is divided by 593?
11
Calculate the remainder when 15914 is divided by 52.
2
Calculate the remainder when 15439 is divided by 594.
589
Calculate the remainder when 3883 is divided by 205.
193
Calculate the remainder when 1229453 is divided by 688.
685
Calculate the remainder when 23561 is divided by 43.
40
Calculate the remainder when 42928 is divided by 159.
157
What is the remainder when 2280 is divided by 2177?
103
What is the remainder when 12825864 is divided by 65?
64
Calculate the remainder when 122695 is divided by 8.
7
What is the remainder when 4934 is divided by 77?
6
What is the remainder when 15744 is divided by 45?
39
What is the remainder when 11988 is divided by 137?
69
Calculate the remainder when 51266 is divided by 10.
6
Calculate the remainder when 25181 is divided by 1097.
1047
Calculate the remainder when 543635 is divided by 2460.
2435
Calculate the remainder when 127329 is divided by 31830.
9
What is the remainder when 21787 is divided by 5?
2
What is the remainder when 3423 is divided by 5?
3
What is the remainder when 285502 is divided by 57098?
12
What is the remainder when 3986252 is divided by 81?
80
Calculate the remainder when 18078 is divided by 3599.
83
Calculate the remainder when 25926 is divided by 375.
51
Calculate the remainder when 21135 is divided by 121.
81
What is the remainder when 7423194 is divided by 67?
63
Calculate the remainder when 5331 is divided by 1753.
72
What is the remainder when 10855 is divided by 11?
9
What is the remainder when 69018 is divided by 145?
143
Calculate the remainder when 16719 is divided by 229.
2
What is the remainder when 490 is divided by 192?
106
What is the remainder when 22481 is divided by 18?
17
Calculate the remainder when 957 is divided by 109.
85
Calculate the remainder when 28711 is divided by 47.
41
What is the remainder when 688 is divided by 78?
64
Calculate the remainder when 776867 is divided by 27.
23
What i